?
True
Does 37 divide 2122?
False
Is 27 a multiple of 27?
True
Is 9 a factor of 1836?
True
Is 9300 a multiple of 30?
True
Does 155 divide 1550?
True
Does 4 divide 1760?
True
Is 12 a factor of 34442?
False
Does 23 divide 254?
False
Does 6 divide 438?
True
Is 10 a factor of 410?
True
Does 81 divide 5913?
True
Is 15 a factor of 66270?
True
Is 7 a factor of 25118?
False
Is 1295 a multiple of 11?
False
Does 13 divide 3937?
False
Is 5 a factor of 1280?
True
Is 51 a factor of 3902?
False
Does 48 divide 31566?
False
Is 9944 a multiple of 88?
True
Is 5 a factor of 350?
True
Is 29 a factor of 6931?
True
Is 162 a multiple of 8?
False
Is 75 a factor of 2175?
True
Is 49 a factor of 27538?
True
Does 19 divide 16226?
True
Is 3 a factor of 1386?
True
Does 24 divide 1488?
True
Is 100 a factor of 3436?
False
Does 14 divide 8344?
True
Does 33 divide 9768?
True
Is 41 a factor of 946?
False
Does 17 divide 102?
True
Does 17 divide 1005?
False
Does 194 divide 14153?
False
Is 116 a factor of 1276?
True
Is 22 a factor of 4642?
True
Does 138 divide 2512?
False
Is 7 a factor of 6762?
True
Is 3 a factor of 119?
False
Is 10 a factor of 5910?
True
Is 7008 a multiple of 37?
False
Is 539 a multiple of 2?
False
Does 43 divide 688?
True
Does 8 divide 682?
False
Is 4305 a multiple of 15?
True
Is 11970 a multiple of 190?
True
Does 64 divide 576?
True
Is 56131 a multiple of 19?
False
Is 4377 a multiple of 6?
False
Is 7 a factor of 170?
False
Is 34 a factor of 52666?
True
Is 26045 a multiple of 4?
False
Is 234 a factor of 49803?
False
Is 243 a multiple of 24?
False
Is 19936 a multiple of 16?
True
Is 26100 a multiple of 60?
True
Is 4922 a multiple of 46?
True
Is 14 a factor of 84168?
True
Is 17226 a multiple of 33?
True
Is 49725 a multiple of 85?
True
Is 52 a factor of 147?
False
Is 10 a factor of 168?
False
Does 6 divide 8610?
True
Is 35 a factor of 12006?
False
Is 24 a factor of 7200?
True
Does 4 divide 13000?
True
Is 27726 a multiple of 60?
False
Does 120 divide 8313?
False
Is 1143 a multiple of 9?
True
Does 5 divide 15329?
False
Does 22 divide 88?
True
Does 50 divide 10300?
True
Is 341 a multiple of 19?
False
Is 192 a factor of 22359?
False
Is 13 a factor of 832?
True
Does 34 divide 2006?
True
Is 18 a factor of 270?
True
Does 90 divide 1580?
False
Is 1196 a multiple of 13?
True
Is 5888 a multiple of 184?
True
Is 21 a factor of 3755?
False
Does 119 divide 51884?
True
Is 7128 a multiple of 44?
True
Is 4454 a multiple of 19?
False
Is 10 a factor of 280?
True
Is 67890 a multiple of 31?
True
Does 12 divide 270?
False
Is 319 a multiple of 29?
True
Is 1910 a multiple of 80?
False
Is 19450 a multiple of 50?
True
Does 52 divide 9620?
True
Does 70 divide 10526?
False
Is 3263 a multiple of 8?
False
Is 28618 a multiple of 41?
True
Is 73 a multiple of 11?
False
Does 22 divide 473?
False
Is 250 a multiple of 9?
False
Is 816 a multiple of 17?
True
Does 11 divide 15554?
True
Does 5 divide 81?
False
Is 39 a factor of 279?
False
Is 6718 a multiple of 23?
False
Is 1044 a multiple of 69?
False
Does 29 divide 2465?
True
Is 165 a multiple of 11?
True
Is 29 a factor of 9642?
False
Is 216 a factor of 7018?
False
Is 23 a factor of 1231?
False
Is 660 a multiple of 44?
True
Is 21918 a multiple of 61?
False
Is 115 a multiple of 2?
False
Is 101 a factor of 62923?
True
Does 222 divide 6176?
False
Is 33 a factor of 3762?
True
Is 23415 a multiple of 24?
False
Does 31 divide 93?
True
Does 15 divide 5906?
False
Is 5 a factor of 49?
False
Is 555 a multiple of 64?
False
Does 16 divide 915?
False
Is 129 a factor of 13674?
True
Does 88 divide 3960?
True
Does 25 divide 320?
False
Is 5 a factor of 16985?
True
Is 25 a factor of 1107?
False
Is 1680 a multiple of 40?
True
Is 28 a factor of 1008?
True
Does 39 divide 14065?
False
Does 6 divide 5380?
False
Is 3 a factor of 347?
False
Does 41 divide 1640?
True
Is 8203 a multiple of 110?
False
Is 9 a factor of 22838?
False
Is 42240 a multiple of 44?
True
Is 9 a multiple of 9?
True
Is 114 a factor of 5245?
False
Is 11 a factor of 1506?
False
Is 4 a factor of 2792?
True
Is 13435 a multiple of 48?
False
Does 21 divide 316?
False
Is 1724 a multiple of 28?
False
Is 85911 a multiple of 342?
False
Does 79 divide 4898?
True
Does 14 divide 4760?
True
Is 6 a factor of 24?
True
Is 29 a factor of 2186?
False
Is 32 a factor of 21779?
False
Is 294 a factor of 29400?
True
Does 143 divide 3003?
True
Is 90 a multiple of 45?
True
Is 13 a factor of 33228?
True
Is 180 a multiple of 13?
False
Does 295 divide 24485?
True
Is 570 a multiple of 10?
True
Does 20 divide 416?
False
Is 1655 a multiple of 33?
False
Does 15 divide 30?
True
Is 102 a factor of 714?
True
Is 56444 a multiple of 25?
False
Is 1002 a multiple of 13?
False
Is 7734 a multiple of 4?
False
Is 14 a factor of 23058?
True
Does 21 divide 2425?
False
Is 16552 a multiple of 66?
False
Is 32 a factor of 47?
False
Does 13 divide 416?
True
Does 20 divide 14371?
False
Is 251 a factor of 10793?
True
Is 2277 a multiple of 22?
False
Does 15 divide 900?
True
Is 20512 a multiple of 32?
True
Is 4 a factor of 27?
False
Is 98 a factor of 10780?
True
Is 47 a factor of 9566?
False
Is 2464 a multiple of 11?
True
Does 9 divide 17805?
False
Does 11 divide 3596?
False
Does 21 divide 18094?
False
Is 21777 a multiple of 61?
True
Is 12932 a multiple of 2?
True
Does 17 divide 365?
False
Does 71 divide 1207?
True
Is 6 a factor of 498?
True
Is 14 a factor of 1302?
True
Is 3042 a multiple of 9?
True
Does 17 divide 884?
True
Is 3740 a multiple of 22?
True
Does 84 divide 2210?
False
Is 16 a factor of 6098?
False
Is 4 a factor of 5829?
False
Is 1890 a multiple of 35?
True
Is 51 a factor of 21318?
True
Is 4 a factor of 27?
False
Is 22 a factor of 2838?
True
Is 47 a factor of 5358?
True
Does 8 divide 144?
True
Is 11 a factor of 22635?
False
Is 11 a factor of 5966?
False
Is 5505 a multiple of 15?
True
Does 9 divide 37097?
False
Does 25 divide 1186?
False
Is 36 a factor of 11597?
False
Is 38 a factor of 342?
True
Is 8 a factor of 15656?
True
Is 65 a factor of 1762?
False
Does 16 divide 192?
True
Is 57 a factor of 741?
True
Does 60 divide 4603?
False
Does 11 divide 1222?
False
Is 6 a factor of 6620?
False
Is 20462 a multiple of 32?
False
Does 61 divide 1098?
True
Is 4 a factor of 163?
False
Does 6 divide 174?
True
Is 86 a factor of 2946?
False
Is 340 a multiple of 17?
True
Is 29 a factor of 367?
False
Does 45 divide 2129?
False
Does 63 divide 619?
False
Is 963 a multiple of 2?
False
Does 144 divide 1728?
True
Is 3 a factor of 36?
True
Is 56 a factor of 9408?
True
Does 83 divide 58196?
False
Is 160 a factor of 9280?
True
Is 2 a factor of 148?
True
Is 1612 a multiple of 70?
False
Is 249 a multiple of 7?
False
Is 66 a factor of 924?
True
Does 52 divide 2704?
True
Is 80 a factor of 1853?
False
Is 98 a factor of 2254?
True
Does 34 divide 1441?
False
Does 29 divide 638?
True
Does 47 divide 408?
False
Is 4893 a multiple of 12?
False
Is 7 a factor of 112?
True
Is 21 a factor of 1176?
True
Is 14 a factor of 42252?
True
Does 10 divide 480?
True
Does 15 divide 39045?
True
Does 10 divide 231?
False
Is 1337 a multiple of 7?
True
Does 8 divide 10471?
False
Is 9019 a multiple of 29?
True
Does 29 divide 1595?
True
Is 24 a multiple of 11?
False
Does 9 divide 17100?
True
Is 78 a factor of 17160?
True
Is 638 a multiple of 29?
True
Is 256 a multiple of 16?
True
Is 83 a factor of 940?
False
Is 196 a factor of 30184?
True
Is 35326 a multiple of 68?
False
Is 7 a factor of 2673?
False
Does 27 divide 1650?
False
Is 409 a multiple of 13?
False
Is 25 a factor of 3954?
False
Is 45 a factor of 4309?
False
Does 20 divide 25223?
False
Is 55 a factor of 3135?
True
Does 14 divide 2245?
False
Does 9 divide 820?
False
Does 141 divide 7382?
False
Is 30780 a multiple of 135?
True
Is 1149 a multiple of 114?
False
Is 67 a factor of 4556?
True
Is 8030 a multiple of 16?
False
Is 9 a factor of 1530?
True
Is 34 a factor of 782?
True
Is 231 a multiple of 6?
False
Is 30328 a multiple of 34?
True
Is 13 a factor of 1378?
True
Is 13 a factor of 6721?
True
Does 24 divide 576?
True
Is 4493 a multiple of 8?
False
Is 9 a factor of 13?
False
Is 108 a multiple of 59?
False
Does 6 divide 330?
True
Is 1350 a multiple of 33?
False
Is 129 a multiple of 17?
False
Is 8410 a multiple of 16?
False
Is 3793 a multiple of 32?
Fals